f b?
1
Let q(f) = 26*f**2 - 21*f + 42. What is the thousands digit of q(7)?
1
Suppose -3294 = -11*r - 16*r. What is the hundreds digit of r?
1
Suppose 3283 = 4*b + r, -b + 822 = -r - 0*r. What is the hundreds digit of b?
8
Let r = 21 - 44. Let w = 25 + r. Suppose -w*n = -6*n + 88. What is the tens digit of n?
2
Let p be (-2)/(2/(-9))*1. Suppose -64 = p*f - 13*f. What is the tens digit of f?
1
Let z(o) = -37*o**2 + 3*o + 1. Let j be z(2). Let m = 283 + j. What is the units digit of m?
2
What is the hundreds digit of 2 - (-20)/(-4) - 9317/(-11)?
8
Let a = -49 + 52. Suppose a*p = t + 212, -4*t - 220 = -3*p + t. What is the units digit of p?
0
Let m = -113 - 82. What is the tens digit of m/(-12) + (-5)/4?
1
Let p = 1675 - 649. Suppose -12*y - p = -3870. What is the hundreds digit of y?
2
Let d = -4 + 7. Suppose -l + 8 = d. Suppose 0 = -i - 4*k + 7*k + 14, 10 = -5*i - l*k. What is the units digit of i?
2
Suppose -2*b + 1732 = -4*a, -2*b = 9*a - 4*a - 1705. What is the hundreds digit of b?
8
Let k = -11 + 25. Suppose x = k - 10. Suppose -106 - 102 = -x*r. What is the units digit of r?
2
Let c(b) = -6*b**3 - 4*b**2 + 8*b + 2. What is the units digit of c(-3)?
4
Suppose -1548 = 3*p - 12*p. What is the tens digit of p?
7
Suppose 0 = 5*w - 3*w + 8. Let i = w + 19. Suppose 0 = -4*n + 2*j + 183 + i, 0 = 2*n + j - 93. What is the units digit of n?
8
Let f(d) = 33*d**2 + 13*d + 7. Let r(o) = 4 - 1 - 5 - 4*o - 11*o**2. Let t(p) = -2*f(p) - 7*r(p). What is the units digit of t(1)?
3
Suppose 0 = -53*i + 56*i + 6426. What is the units digit of (-2 - -1)/(14/i)?
3
Let a = 3 - 11. Let h = -5 - a. Suppose 0 = -3*r + s - h*s + 10, 2*s = r + 2. What is the units digit of r?
2
What is the tens digit of 9*7/(-42) + 945/2?
7
Suppose 0 = 8*c - 6*c - 5*r - 975, 0 = -2*c - 4*r + 966. What is the hundreds digit of c?
4
Suppose -4 = -4*s + 3*h, 2*s - 7*s + 2*h + 12 = 0. Suppose 24 = -2*f - s. Let g = 48 + f. What is the units digit of g?
4
Suppose 5141 = 12*u - 10687. What is the tens digit of u?
1
Suppose -2*f + 18 = -4*w, 3*f - f + 4*w = 26. Suppose 0 = 2*x + 2*x. Suppose -q + x*q + f = 0. What is the units digit of q?
1
Let j = 63 + -52. Suppose -x = j - 16. What is the units digit of x?
5
Suppose -z + 27 + 17 = 0. Let s = 2 - z. What is the units digit of ((-120)/(-35))/((-4)/s)?
6
What is the units digit of 43660/(-354)*132/(-10)?
8
Let z(d) = 85*d**3 + d**2 + 2*d - 19. What is the thousands digit of z(3)?
2
Suppose 5*u - 13 + 463 = 0. Let o = -45 - u. What is the tens digit of o?
4
Let r be (-42)/56 + (-206)/(-8). Suppose -k - 7 = -2*s - 52, -r = -5*s. Suppose -2*h = -9 - k. What is the units digit of h?
2
Suppose 2*p + 2*q = -2*q - 6, 3*p - q = -9. What is the units digit of (-3 - -18)/(p/(-16))?
0
Let f(d) = 9*d**3 - 14*d**2 + 11*d + 16. What is the hundreds digit of f(5)?
8
Suppose 0*b - 1 = b. Let i(p) = p**2 + 13*p + 22. Let u be i(-11). What is the tens digit of 44 - (u + 1)*b?
4
What is the hundreds digit of ((-447)/9)/(11/(-66))?
2
Suppose -o = -3*o + 536. Suppose 76 = -6*j + o. What is the tens digit of (j/(-4) + -3)*-1?
1
Suppose 16 + 8 = 3*o. Suppose -o*j + 10*j = 144. What is the units digit of j?
2
Let b(f) be the third derivative of -f**7/5040 + f**6/360 + f**5/15 + 2*f**2. Let v(a) be the third derivative of b(a). What is the tens digit of v(-8)?
1
Let w be (-14)/(-8) - 2/(-8). Suppose -2*i + 59 = -i + 2*p, 0 = -w*p + 6. What is the tens digit of i?
5
Let y = -56 - -105. Let c = y + 0. What is the tens digit of c?
4
Suppose 3*w + 0*w = 336. Suppose 0 = -4*f + 2*h + w, f + 4*f - 158 = -2*h. Let d = -4 + f. What is the tens digit of d?
2
Let x be (30 - 16) + (-2)/1. What is the units digit of (x/(-18))/(2/(-507))?
9
Let k be (11/(-5) + 1)*2600/(-78). Suppose k*f - 36*f = 308. What is the units digit of f?
7
Let c(k) = -4*k - 5 - 4*k + 7. Let s be c(-6). Suppose z = -4*z + s. What is the units digit of z?
0
Let n = 513 + 94. What is the hundreds digit of n?
6
Let y = -1 + 1. Suppose 2*h + j - 18 - 24 = y, 0 = 5*h - j - 112. Let b = h + 3. What is the tens digit of b?
2
Suppose -519671 = -79*x - 91096. What is the hundreds digit of x?
4
Suppose -4*r + 75 + 29 = 0. Let v = r + -26. Suppose -4*u - 106 = -3*j, -u + v*u = 1. What is the tens digit of j?
3
What is the hundreds digit of -2 - (-1)/((-1)/(-165))?
1
Suppose 2*l + 10 = 0, -4*u - 6*l + 2*l + 10004 = 0. What is the thousands digit of u?
2
Suppose -6*r = -5*r + 136. Let x = r + 190. What is the tens digit of x?
5
Suppose 3*r - 110 = -4*w + 164, 0 = -4*r + 5*w + 417. What is the units digit of r?
8
Suppose -k = -6 - 15. Suppose -20*p - 55 = -k*p. What is the units digit of p?
5
Let z be (-1)/22*-114 + (-8)/44. Suppose 2*x + 526 = z*w, -2 = -2*x + 2. What is the tens digit of w?
0
Let n(r) = r**3 - 13*r**2 - 6*r - 15. Suppose 7*c = 12*c - 70. Let j be n(c). What is the tens digit of 14/28 - j/(-2)?
4
What is the tens digit of ((-15)/(-9))/((-753)/126 + 6)?
7
Let y(u) = -340*u - 2. What is the tens digit of y(-9)?
5
Suppose -2*v - 993 = 3*f, -v + 394 = -4*f - 941. Let c be f/(-5) - 21/35. Suppose 3*u = -15 + c. What is the units digit of u?
7
Suppose 6*g + 2*g = 0. Suppose 2*h - 142 = -g*f + 2*f, -5*h = f - 343. What is the tens digit of h?
6
Let h(y) = 4*y**2 + y - 74. What is the tens digit of h(-13)?
8
Let h = -1075 - -2459. What is the thousands digit of h?
1
Let g be (-230)/(-4) - 1/(-2). Let a(j) = -j**3 + 14*j**2 - 26*j - 8. Let b be a(12). Let w = g + b. What is the units digit of w?
6
Let t = -133 - -130. What is the hundreds digit of t + (-20)/(-4) + 240?
2
Let y = -1642 - -2175. What is the units digit of y?
3
Suppose -2 = 2*i + 18. Let k = i - -14. Suppose 2*m = k*m - 56. What is the tens digit of m?
2
Let l(n) = -29*n - 33. Let a(r) = 15*r + 17. Let h(o) = 11*a(o) + 6*l(o). Let z be h(-7). Suppose z = 3*s + 1. What is the units digit of s?
7
Let m(c) = c + 2. Let k be m(0). Suppose -k*z + z = 10. What is the tens digit of ((-8)/z)/(2/40)?
1
Suppose -62 = 5*l + 8. Let i = 2 - l. What is the units digit of i?
6
Let d = -3275 - -6728. What is the thousands digit of d?
3
Let g(v) = -2*v + 16. Let c be g(-6). Suppose 0 = -3*r - 4*r + c. What is the units digit of 26/r*(0 - -2)?
3
Let r = 1661 - 1184. What is the hundreds digit of r?
4
Suppose 2*a + 24 = -p, -2*a - 3*p + 6*p = 16. Let x = 19 - a. What is the units digit of x?
0
Let m(y) = 4*y**2 - 16*y + 1. What is the tens digit of m(-7)?
0
Suppose -30*s + 17*s + 2782 = 0. What is the hundreds digit of s?
2
Suppose 0*r - 5*y = r - 3900, y = 0. What is the units digit of r?
0
Suppose -14 = d - 0. Let q = d + 80. What is the units digit of (q - 1) + -3 + 3?
5
Let d be -1 + 2 + 1 - (-15 + 19). Let s(z) = -3*z**3 + 3*z**2 + 3*z + 1. What is the tens digit of s(d)?
3
Let r(y) = y**3 + 3*y**2 + 31*y - 47. What is the tens digit of r(14)?
1
Let o = 50 - 25. Let y = 11 - o. What is the tens digit of (-256)/y + 4/(-14)?
1
Let r be ((-10)/(-4))/(558/(-140) - -4). Let o = -19 + r. What is the tens digit of o?
5
Let o(l) be the second derivative of -12*l**3 + 33*l**2/2 - 24*l. What is the hundreds digit of o(-4)?
3
Let u(d) be the second derivative of d**4/12 - 2*d**3/3 - 5*d**2/2 + 10*d. What is the tens digit of u(-7)?
7
Let r be (-374)/(-9) + -9*(-8)/162. Let j = 68 - 42. Let p = r - j. What is the tens digit of p?
1
What is the units digit of 5 - (-40)/(-8) - -338?
8
Suppose 4*d + 45 = 397. What is the units digit of d?
8
Let d(f) = -f**3 - 25*f**2 + 19*f + 62. What is the tens digit of d(-27)?
0
Suppose -12 = -0*t - 6*t. What is the tens digit of 13 + 0/(-3 + t)?
1
Let q(y) be the second derivative of 1/12*y**4 + 0 + 0*y**3 - 5*y - 8*y**2. What is the tens digit of q(-7)?
3
Let y = 41 + 535. What is the units digit of y?
6
Let i(m) be the second derivative of 3*m**5/10 + m**4/4 - m**3/2 + 2*m**2 + 20*m. What is the tens digit of i(2)?
5
Let s be (9/((-90)/4))/((-1)/10). Suppose -5*g - s*m - m + 265 = 0, -3*m = -4*g + 205. What is the tens digit of g?
5
Let k = -41 + 47. What is the units digit of (2 - (k + -1)) + 18?
5
Let n = -11 - -5. Let y = n - -3. What is the units digit of (46/y)/((-2)/3)?
3
Suppose -14*f + 72 = -6*f. What is the tens digit of 69/f*(-1 - -7)?
4
What is the tens digit of 243 - 2 - ((-14)/2 - -2)?
4
Suppose 2*g + 12 = -0*g. Let p